{"id":562,"date":"2014-01-26T20:46:03","date_gmt":"2014-01-26T19:46:03","guid":{"rendered":"https:\/\/gatito.be\/expo\/?page_id=562"},"modified":"2014-01-27T14:23:08","modified_gmt":"2014-01-27T13:23:08","slug":"vossius-jean-yves","status":"publish","type":"page","link":"https:\/\/gatito.be\/expo\/artistes-exposants\/vossius-jean-yves\/","title":{"rendered":"VOSSIUS Jean Yves"},"content":{"rendered":"<p>Artisan verrier &#8211; Professeur de vitrail \u00e0 l\u2019AKDT &#8211; Libramont<\/p>\n<p><a href=\"mailto:j.vossius@scarlet.be\">j.vossius@scarlet.be<\/a><br \/>\n<a href=\"http:\/\/www.chantdelumiere.be\">www.chantdelumiere.be<\/a><\/p>\n<p>\u0152uvre(s) pr\u00e9sent\u00e9e(s)<\/p>\n<p>1. Pythagore revisit\u00e9. 2013<br \/>\nfusing de verre et gravure par sablage. +\/- 70 x 30 x 40 cm (prof)<\/p>\n<p><a href=\"https:\/\/gatito.be\/expo\/wp-content\/uploads\/2014\/01\/JY-Vossius-Pythagore-revisite\u0301.jpg\" rel=\"lightbox[562]\"><img loading=\"lazy\" class=\"alignnone size-medium wp-image-564\" alt=\"JY Vossius - Pythagore revisite\u0301\" src=\"https:\/\/gatito.be\/expo\/wp-content\/uploads\/2014\/01\/JY-Vossius-Pythagore-revisite\u0301-211x300.jpg\" width=\"211\" height=\"300\" srcset=\"https:\/\/gatito.be\/expo\/wp-content\/uploads\/2014\/01\/JY-Vossius-Pythagore-revisite\u0301-211x300.jpg 211w, https:\/\/gatito.be\/expo\/wp-content\/uploads\/2014\/01\/JY-Vossius-Pythagore-revisite\u0301-723x1024.jpg 723w, https:\/\/gatito.be\/expo\/wp-content\/uploads\/2014\/01\/JY-Vossius-Pythagore-revisite\u0301.jpg 1751w\" sizes=\"(max-width: 211px) 100vw, 211px\" \/><\/a><\/p>\n<p>Avant tout passionn\u00e9 par le verre en tant que\u00a0 mati\u00e8re premi\u00e8re , Jean Yves Vossius a commenc\u00e9 son exploration du mat\u00e9riau par le vitrail , point d\u2019entr\u00e9e le plus abordable de cet univers de transparence et de lumi\u00e8re \u2026.<\/p>\n<p>Mais tr\u00e8s vite, il\u00a0 ajoute \u00e0 l\u2019interaction verre\/lumi\u00e8re le mariage verre\/chaleur, et d\u00e9couvre le travail du fusing et du thermoformage\u00a0: fondre des verres color\u00e9s dans un support transparent, cr\u00e9er des dalles de verre , qui seront transform\u00e9es en volume par thermoformage lors de cuissons successives \u2026<\/p>\n<p>\u00ab\u00a0Pythagore revisit\u00e9\u00a0\u00bb , cr\u00e9\u00e9 sp\u00e9cialement pour l\u2019exposition Art&amp;Math, illustre \u00e0 sa mani\u00e8re la relation d\u2019aires associ\u00e9es\u00a0 \u00e0 chacun des c\u00f4t\u00e9s du triangle rectangle par une courbe proportionnelle \u00e0 la longueur de chacun de ces c\u00f4t\u00e9s \u2026<\/p>\n<p>2.Vagues souvenirs, 2013<\/p>\n<p>Verre fusing grav\u00e9 et thermoform\u00e9, +\/- 80 x 100 x 15 cm (prof)<\/p>\n<p>Nous avons tous, imprim\u00e9es dans un coin de notre m\u00e9moire, les formules math\u00e9matiques qui ont jalonn\u00e9 nos \u00e9tudes, nos stresses\u00a0 d\u2019avant examens, nos cauchemars les plus noirs \u2026<\/p>\n<p>Nous sommes capables de les reconna\u00eetre au premier coup d\u2019\u0153il, mais pas toujours capables d\u2019en retrouver la signification, la port\u00e9e, et l\u2019utilit\u00e9 \u2026.<\/p>\n<p>\u00ab\u00a0Vague souvenirs ..\u00a0\u00bb mat\u00e9rialise le temps d\u2019un rayon de lumi\u00e8re cette \u00e9vanescence des moments d\u2019\u00e9tude\u00a0 par un voile de verre fusionn\u00e9 et thermoform\u00e9, au dos duquel quelques formules qui nous paraissaient \u00e9videntes en des temps pas si lointains ont \u00e9t\u00e9 grav\u00e9e \u00e0 tout jamais dans la plus belle des mati\u00e8res \u2026.<\/p>\n<p><a href=\"https:\/\/gatito.be\/expo\/wp-content\/uploads\/2014\/01\/Vossius1.jpg\" rel=\"lightbox[562]\"><img loading=\"lazy\" class=\"alignnone size-full wp-image-745\" alt=\"Vossius\" src=\"https:\/\/gatito.be\/expo\/wp-content\/uploads\/2014\/01\/Vossius1.jpg\" width=\"256\" height=\"192\" \/><\/a><\/p>\n","protected":false},"excerpt":{"rendered":"<p>Artisan verrier &#8211; Professeur de vitrail \u00e0 l\u2019AKDT &#8211; Libramont j.vossius@scarlet.be www.chantdelumiere.be \u0152uvre(s) pr\u00e9sent\u00e9e(s) 1. Pythagore revisit\u00e9. 2013 fusing de verre et gravure par sablage. +\/- 70 x 30 x 40 cm (prof) Avant tout passionn\u00e9 par le verre en tant que\u00a0 mati\u00e8re premi\u00e8re , Jean Yves Vossius a commenc\u00e9 son exploration du mat\u00e9riau par le vitrail , point d\u2019entr\u00e9e le plus abordable de cet univers de transparence et de lumi\u00e8re \u2026. Mais tr\u00e8s vite, il\u00a0 ajoute \u00e0 l\u2019interaction verre\/lumi\u00e8re le mariage verre\/chaleur, et d\u00e9couvre le travail du fusing et du thermoformage\u00a0: fondre des verres color\u00e9s dans un support transparent,<a href=\"https:\/\/gatito.be\/expo\/artistes-exposants\/vossius-jean-yves\/\">&nbsp;&nbsp;[ Suite&#8230; ]<\/a><\/p>\n","protected":false},"author":25,"featured_media":0,"parent":222,"menu_order":40,"comment_status":"open","ping_status":"open","template":"fullwide.php","meta":{"ngg_post_thumbnail":0},"_links":{"self":[{"href":"https:\/\/gatito.be\/expo\/wp-json\/wp\/v2\/pages\/562"}],"collection":[{"href":"https:\/\/gatito.be\/expo\/wp-json\/wp\/v2\/pages"}],"about":[{"href":"https:\/\/gatito.be\/expo\/wp-json\/wp\/v2\/types\/page"}],"author":[{"embeddable":true,"href":"https:\/\/gatito.be\/expo\/wp-json\/wp\/v2\/users\/25"}],"replies":[{"embeddable":true,"href":"https:\/\/gatito.be\/expo\/wp-json\/wp\/v2\/comments?post=562"}],"version-history":[{"count":5,"href":"https:\/\/gatito.be\/expo\/wp-json\/wp\/v2\/pages\/562\/revisions"}],"predecessor-version":[{"id":746,"href":"https:\/\/gatito.be\/expo\/wp-json\/wp\/v2\/pages\/562\/revisions\/746"}],"up":[{"embeddable":true,"href":"https:\/\/gatito.be\/expo\/wp-json\/wp\/v2\/pages\/222"}],"wp:attachment":[{"href":"https:\/\/gatito.be\/expo\/wp-json\/wp\/v2\/media?parent=562"}],"curies":[{"name":"wp","href":"https:\/\/api.w.org\/{rel}","templated":true}]}}