{"id":544,"date":"2014-01-26T20:42:22","date_gmt":"2014-01-26T19:42:22","guid":{"rendered":"https:\/\/gatito.be\/expo\/?page_id=544"},"modified":"2014-01-26T20:42:46","modified_gmt":"2014-01-26T19:42:46","slug":"vande-pitte-violaine","status":"publish","type":"page","link":"https:\/\/gatito.be\/expo\/artistes-exposants\/vande-pitte-violaine\/","title":{"rendered":"VANDE PITTE  Violaine"},"content":{"rendered":"<p>Apprentie sculpteur dans l\u2019atelier de G\u00e9rald Dederen \u00e0\u00a0 l\u2019Acad\u00e9mie de Boitsfort<\/p>\n<p>viovdp@yahoo.fr<\/p>\n<p>&nbsp;<\/p>\n<p>\u0152uvre(s) pr\u00e9sent\u00e9e(s)<\/p>\n<p>Clin d\u2019oeil \u00e0 la g\u00e9om\u00e9trie euclidienne<\/p>\n<p>D\u00e9clinaison de quadriques, 2013<br \/>\n5 cubes de 20 x 20 x 20 cm<\/p>\n<p><a href=\"https:\/\/gatito.be\/expo\/wp-content\/uploads\/2014\/01\/VVDPquadrique1.jpg\" rel=\"lightbox[544]\"><img loading=\"lazy\" class=\"alignnone size-medium wp-image-546\" alt=\"VVDPquadrique1\" src=\"https:\/\/gatito.be\/expo\/wp-content\/uploads\/2014\/01\/VVDPquadrique1-300x300.jpg\" width=\"300\" height=\"300\" srcset=\"https:\/\/gatito.be\/expo\/wp-content\/uploads\/2014\/01\/VVDPquadrique1-300x300.jpg 300w, https:\/\/gatito.be\/expo\/wp-content\/uploads\/2014\/01\/VVDPquadrique1-150x150.jpg 150w, https:\/\/gatito.be\/expo\/wp-content\/uploads\/2014\/01\/VVDPquadrique1.jpg 404w\" sizes=\"(max-width: 300px) 100vw, 300px\" \/><\/a> <a href=\"https:\/\/gatito.be\/expo\/wp-content\/uploads\/2014\/01\/VVDPquadrique2.jpg\" rel=\"lightbox[544]\"><img loading=\"lazy\" class=\"alignnone size-medium wp-image-547\" alt=\"VVDPquadrique2\" src=\"https:\/\/gatito.be\/expo\/wp-content\/uploads\/2014\/01\/VVDPquadrique2-300x300.jpg\" width=\"300\" height=\"300\" srcset=\"https:\/\/gatito.be\/expo\/wp-content\/uploads\/2014\/01\/VVDPquadrique2-300x300.jpg 300w, https:\/\/gatito.be\/expo\/wp-content\/uploads\/2014\/01\/VVDPquadrique2-150x150.jpg 150w, https:\/\/gatito.be\/expo\/wp-content\/uploads\/2014\/01\/VVDPquadrique2.jpg 397w\" sizes=\"(max-width: 300px) 100vw, 300px\" \/><\/a> <a href=\"https:\/\/gatito.be\/expo\/wp-content\/uploads\/2014\/01\/VVDPquadrique3.jpg\" rel=\"lightbox[544]\"><img loading=\"lazy\" class=\"alignnone size-medium wp-image-548\" alt=\"VVDPquadrique3\" src=\"https:\/\/gatito.be\/expo\/wp-content\/uploads\/2014\/01\/VVDPquadrique3-300x300.jpg\" width=\"300\" height=\"300\" srcset=\"https:\/\/gatito.be\/expo\/wp-content\/uploads\/2014\/01\/VVDPquadrique3-300x300.jpg 300w, https:\/\/gatito.be\/expo\/wp-content\/uploads\/2014\/01\/VVDPquadrique3-150x150.jpg 150w, https:\/\/gatito.be\/expo\/wp-content\/uploads\/2014\/01\/VVDPquadrique3.jpg 397w\" sizes=\"(max-width: 300px) 100vw, 300px\" \/><\/a> <a href=\"https:\/\/gatito.be\/expo\/wp-content\/uploads\/2014\/01\/VVDPquadrique4.jpg\" rel=\"lightbox[544]\"><img loading=\"lazy\" class=\"alignnone size-medium wp-image-549\" alt=\"VVDPquadrique4\" src=\"https:\/\/gatito.be\/expo\/wp-content\/uploads\/2014\/01\/VVDPquadrique4-300x300.jpg\" width=\"300\" height=\"300\" srcset=\"https:\/\/gatito.be\/expo\/wp-content\/uploads\/2014\/01\/VVDPquadrique4-300x300.jpg 300w, https:\/\/gatito.be\/expo\/wp-content\/uploads\/2014\/01\/VVDPquadrique4-150x150.jpg 150w, https:\/\/gatito.be\/expo\/wp-content\/uploads\/2014\/01\/VVDPquadrique4.jpg 397w\" sizes=\"(max-width: 300px) 100vw, 300px\" \/><\/a> <a href=\"https:\/\/gatito.be\/expo\/wp-content\/uploads\/2014\/01\/VVDPquadrique5.jpg\" rel=\"lightbox[544]\"><img loading=\"lazy\" class=\"alignnone size-medium wp-image-550\" alt=\"VVDPquadrique5\" src=\"https:\/\/gatito.be\/expo\/wp-content\/uploads\/2014\/01\/VVDPquadrique5-300x300.jpg\" width=\"300\" height=\"300\" srcset=\"https:\/\/gatito.be\/expo\/wp-content\/uploads\/2014\/01\/VVDPquadrique5-300x300.jpg 300w, https:\/\/gatito.be\/expo\/wp-content\/uploads\/2014\/01\/VVDPquadrique5-150x150.jpg 150w, https:\/\/gatito.be\/expo\/wp-content\/uploads\/2014\/01\/VVDPquadrique5.jpg 397w\" sizes=\"(max-width: 300px) 100vw, 300px\" \/><\/a><\/p>\n<p>Comment imaginer qu\u2019une succession de chiffres, de signes et de lettres, un tout incompr\u00e9hensible puisse se transformer en formes courbes, rondes, douces\u00a0?<\/p>\n<p>&nbsp;<\/p>\n","protected":false},"excerpt":{"rendered":"<p>Apprentie sculpteur dans l\u2019atelier de G\u00e9rald Dederen \u00e0\u00a0 l\u2019Acad\u00e9mie de Boitsfort viovdp@yahoo.fr &nbsp; \u0152uvre(s) pr\u00e9sent\u00e9e(s) Clin d\u2019oeil \u00e0 la g\u00e9om\u00e9trie euclidienne D\u00e9clinaison de quadriques, 2013 5 cubes de 20 x 20 x 20 cm Comment imaginer qu\u2019une succession de chiffres, de signes et de lettres, un tout incompr\u00e9hensible puisse se transformer en formes courbes, rondes, douces\u00a0? &nbsp;<\/p>\n","protected":false},"author":25,"featured_media":0,"parent":222,"menu_order":36,"comment_status":"open","ping_status":"open","template":"fullwide.php","meta":{"ngg_post_thumbnail":0},"_links":{"self":[{"href":"https:\/\/gatito.be\/expo\/wp-json\/wp\/v2\/pages\/544"}],"collection":[{"href":"https:\/\/gatito.be\/expo\/wp-json\/wp\/v2\/pages"}],"about":[{"href":"https:\/\/gatito.be\/expo\/wp-json\/wp\/v2\/types\/page"}],"author":[{"embeddable":true,"href":"https:\/\/gatito.be\/expo\/wp-json\/wp\/v2\/users\/25"}],"replies":[{"embeddable":true,"href":"https:\/\/gatito.be\/expo\/wp-json\/wp\/v2\/comments?post=544"}],"version-history":[{"count":4,"href":"https:\/\/gatito.be\/expo\/wp-json\/wp\/v2\/pages\/544\/revisions"}],"predecessor-version":[{"id":744,"href":"https:\/\/gatito.be\/expo\/wp-json\/wp\/v2\/pages\/544\/revisions\/744"}],"up":[{"embeddable":true,"href":"https:\/\/gatito.be\/expo\/wp-json\/wp\/v2\/pages\/222"}],"wp:attachment":[{"href":"https:\/\/gatito.be\/expo\/wp-json\/wp\/v2\/media?parent=544"}],"curies":[{"name":"wp","href":"https:\/\/api.w.org\/{rel}","templated":true}]}}