{"id":504,"date":"2014-01-26T20:07:30","date_gmt":"2014-01-26T19:07:30","guid":{"rendered":"https:\/\/gatito.be\/expo\/?page_id=504"},"modified":"2014-01-28T00:00:13","modified_gmt":"2014-01-27T23:00:13","slug":"riedl-hans","status":"publish","type":"page","link":"https:\/\/gatito.be\/expo\/artistes-exposants\/riedl-hans\/","title":{"rendered":"RIEDL  Hans"},"content":{"rendered":"<p><a href=\"mailto:riedlhw@gmail.com\">riedlhw@gmail.com<\/a><\/p>\n<p>&nbsp;<\/p>\n<p>\u0152uvre(s) pr\u00e9sent\u00e9e(s)<\/p>\n<p>Fais na\u00eetre, 2000<br \/>\nAcrylique sur toile, 60 x 60 cm<\/p>\n<div id=\"attachment_506\" style=\"width: 310px\" class=\"wp-caption alignnone\"><a href=\"https:\/\/gatito.be\/expo\/wp-content\/uploads\/2014\/01\/Riedl-Fais-nai\u0302tre-600.jpg\" rel=\"lightbox[504]\"><img aria-describedby=\"caption-attachment-506\" loading=\"lazy\" class=\"size-medium wp-image-506\" alt=\"Fais nai\u0302tre 600\" src=\"https:\/\/gatito.be\/expo\/wp-content\/uploads\/2014\/01\/Riedl-Fais-nai\u0302tre-600-300x300.jpg\" width=\"300\" height=\"300\" srcset=\"https:\/\/gatito.be\/expo\/wp-content\/uploads\/2014\/01\/Riedl-Fais-nai\u0302tre-600-300x300.jpg 300w, https:\/\/gatito.be\/expo\/wp-content\/uploads\/2014\/01\/Riedl-Fais-nai\u0302tre-600-150x150.jpg 150w, https:\/\/gatito.be\/expo\/wp-content\/uploads\/2014\/01\/Riedl-Fais-nai\u0302tre-600-1024x1024.jpg 1024w\" sizes=\"(max-width: 300px) 100vw, 300px\" \/><\/a><p id=\"caption-attachment-506\" class=\"wp-caption-text\">Fais nai\u0302tre 600<\/p><\/div>\n<p>Une \u0153uvre d&rsquo;art construite selon des r\u00e8gles strictes tire son sens esth\u00e9tique du jeu avec des d\u00e9ductions, l\u00e0 o\u00f9 vis\u00e9e et hasard dans l&rsquo;espace de conception produisent des figures int\u00e9ressantes. Mon motif de recherche des ann\u00e9es 1985-90 portait sur des rapports entre des \u00e9l\u00e9ments picturaux repr\u00e9sent\u00e9s par des formes-couleurs, sur leur coh\u00e9rence, leur rapport entre elles, de ces \u00ab\u00a0repr\u00e9sentants\u00a0\u00bb \u00e0 leur \u00ab\u00a0tout\u00a0\u00bb comme inversement. L&rsquo;invention de mon vocabulaire est le r\u00e9sultat de la mise en coh\u00e9rence du rapport quantit\u00e9-qualit\u00e9-valeur au m<\/p>\n<p>oyen des signes caract\u00e9ristiques s&rsquo;ordonnant sur une trame modulaire ouverte. J&rsquo;ai construit d&rsquo;abord une prototype, une image\/tableau originelle. Ensuite j&rsquo;ai \u00e9prouv\u00e9 la g\u00e9n\u00e9rativit\u00e9 de cette syst\u00e9matique et la valeur expressive des ces \u00e9l\u00e9ments caract\u00e9ristiques. La mise en jeux de mes signes finalis\u00e9e dans mes \u0153uvres s&rsquo;est av\u00e9r\u00e9e fertile au point que cette production ne cesse de m&rsquo;\u00e9tonner par la variance de l&rsquo;unit\u00e9 du divers qu&rsquo;elle refl\u00e8te quelque soit la technique ou le support. L&rsquo;ad\u00e9quation au temps pr\u00e9sent est observable par l&rsquo;usage qu&rsquo;on fait aujourd&rsquo;hui de cette grammaire au quotidien sur nos \u00e9crans. Sa g\u00e9n\u00e9rativit\u00e9 pourrait encore trouver une expression suppl\u00e9mentaire au moyen d&rsquo;une programmation informatique.<\/p>\n<p>H. Riedl 2013-12-20<\/p>\n<p id=\"yui_3_13_0_ym1_1_1390863360166_2342\"><span id=\"yui_3_13_0_ym1_1_1390863360166_2341\" style=\"font-size: medium;\"><b id=\"yui_3_13_0_ym1_1_1390863360166_2340\"><br \/>\nD&rsquo;autres \u0153uvres sont visible sur le site Digigraphie Epson\u00a0:<\/b><\/span><\/p>\n<p id=\"yui_3_13_0_ym1_1_1390863360166_2349\"><span id=\"yui_3_13_0_ym1_1_1390863360166_2348\"><b id=\"yui_3_13_0_ym1_1_1390863360166_2347\"><span id=\"yui_3_13_0_ym1_1_1390863360166_2346\" style=\"font-size: medium;\"><span id=\"yui_3_13_0_ym1_1_1390863360166_2345\" style=\"text-decoration: underline;\"><a id=\"yui_3_13_0_ym1_1_1390863360166_2344\" href=\"http:\/\/www.digigraphie.com\/fr\/profile\/527\/hans-riedl.htm\" target=\"_blank\" rel=\"nofollow\">http:\/\/www.digigraphie.com\/fr\/profile\/527\/hans-riedl.htm<\/a><\/span><\/span><\/b><\/span><\/p>\n<p id=\"yui_3_13_0_ym1_1_1390863360166_2352\"><span id=\"yui_3_13_0_ym1_1_1390863360166_2351\" style=\"font-size: medium;\"><b id=\"yui_3_13_0_ym1_1_1390863360166_2350\">Pr\u00e9sent dans les Mus\u00e9es\u00a0:<\/b><\/span><\/p>\n<p id=\"yui_3_13_0_ym1_1_1390863360166_2354\"><span id=\"yui_3_13_0_ym1_1_1390863360166_2353\" style=\"font-size: medium;\">Mus\u00e9e de Montb\u00e9liard, France\u00a0<\/span><\/p>\n<p id=\"yui_3_13_0_ym1_1_1390863360166_2356\"><span id=\"yui_3_13_0_ym1_1_1390863360166_2355\" style=\"font-size: medium;\">Mondriaanhuis, Mus\u00e9e d\u2019Art Concret et Construit, Nederland\u00a0<\/span><\/p>\n<p id=\"yui_3_13_0_ym1_1_1390863360166_2358\"><span id=\"yui_3_13_0_ym1_1_1390863360166_2357\" style=\"font-size: medium;\">Mus\u00e9e Satoru Sato, Tome, Japon<\/span><\/p>\n<p id=\"yui_3_13_0_ym1_1_1390863360166_2360\"><span id=\"yui_3_13_0_ym1_1_1390863360166_2359\" style=\"font-size: medium;\">Fond D\u00e9partementale d\u2019Art Contemporain Dordogne, France<\/span><\/p>\n<p id=\"yui_3_13_0_ym1_1_1390863360166_2363\"><span id=\"yui_3_13_0_ym1_1_1390863360166_2362\" style=\"font-size: medium;\"><b id=\"yui_3_13_0_ym1_1_1390863360166_2361\">Collections particulaires\u00a0:<\/b><\/span><\/p>\n<p id=\"yui_3_13_0_ym1_1_1390863360166_2365\"><span id=\"yui_3_13_0_ym1_1_1390863360166_2364\" style=\"font-size: medium;\">France, Canada, Su\u00e8de, Belgique<\/span><\/p>\n","protected":false},"excerpt":{"rendered":"<p>riedlhw@gmail.com &nbsp; \u0152uvre(s) pr\u00e9sent\u00e9e(s) Fais na\u00eetre, 2000 Acrylique sur toile, 60 x 60 cm Une \u0153uvre d&rsquo;art construite selon des r\u00e8gles strictes tire son sens esth\u00e9tique du jeu avec des d\u00e9ductions, l\u00e0 o\u00f9 vis\u00e9e et hasard dans l&rsquo;espace de conception produisent des figures int\u00e9ressantes. Mon motif de recherche des ann\u00e9es 1985-90 portait sur des rapports entre des \u00e9l\u00e9ments picturaux repr\u00e9sent\u00e9s par des formes-couleurs, sur leur coh\u00e9rence, leur rapport entre elles, de ces \u00ab\u00a0repr\u00e9sentants\u00a0\u00bb \u00e0 leur \u00ab\u00a0tout\u00a0\u00bb comme inversement. L&rsquo;invention de mon vocabulaire est le r\u00e9sultat de la mise en coh\u00e9rence du rapport quantit\u00e9-qualit\u00e9-valeur au m oyen des signes caract\u00e9ristiques s&rsquo;ordonnant<a href=\"https:\/\/gatito.be\/expo\/artistes-exposants\/riedl-hans\/\">&nbsp;&nbsp;[ Suite&#8230; ]<\/a><\/p>\n","protected":false},"author":25,"featured_media":0,"parent":222,"menu_order":29,"comment_status":"open","ping_status":"open","template":"fullwide.php","meta":{"ngg_post_thumbnail":0},"_links":{"self":[{"href":"https:\/\/gatito.be\/expo\/wp-json\/wp\/v2\/pages\/504"}],"collection":[{"href":"https:\/\/gatito.be\/expo\/wp-json\/wp\/v2\/pages"}],"about":[{"href":"https:\/\/gatito.be\/expo\/wp-json\/wp\/v2\/types\/page"}],"author":[{"embeddable":true,"href":"https:\/\/gatito.be\/expo\/wp-json\/wp\/v2\/users\/25"}],"replies":[{"embeddable":true,"href":"https:\/\/gatito.be\/expo\/wp-json\/wp\/v2\/comments?post=504"}],"version-history":[{"count":7,"href":"https:\/\/gatito.be\/expo\/wp-json\/wp\/v2\/pages\/504\/revisions"}],"predecessor-version":[{"id":1773,"href":"https:\/\/gatito.be\/expo\/wp-json\/wp\/v2\/pages\/504\/revisions\/1773"}],"up":[{"embeddable":true,"href":"https:\/\/gatito.be\/expo\/wp-json\/wp\/v2\/pages\/222"}],"wp:attachment":[{"href":"https:\/\/gatito.be\/expo\/wp-json\/wp\/v2\/media?parent=504"}],"curies":[{"name":"wp","href":"https:\/\/api.w.org\/{rel}","templated":true}]}}