{"id":501,"date":"2014-01-26T20:06:40","date_gmt":"2014-01-26T19:06:40","guid":{"rendered":"https:\/\/gatito.be\/expo\/?page_id=501"},"modified":"2014-01-26T20:06:40","modified_gmt":"2014-01-26T19:06:40","slug":"ralet-paul","status":"publish","type":"page","link":"https:\/\/gatito.be\/expo\/artistes-exposants\/ralet-paul\/","title":{"rendered":"RALET  Paul"},"content":{"rendered":"<p><a href=\"mailto:paul.ralet@skynet.be\">paul.ralet@skynet.be<\/a><\/p>\n<p>publicitaire et plasticien<\/p>\n<p>\u0152uvre(s) pr\u00e9sent\u00e9e(s)<\/p>\n<p>Le boulier conteur, 2013<br \/>\nTechnique mixte, 90x10x70 cm<\/p>\n<p><a href=\"https:\/\/gatito.be\/expo\/wp-content\/uploads\/2014\/01\/ralet-boulier-conteur.jpg\" rel=\"lightbox[501]\"><img loading=\"lazy\" class=\"alignnone size-medium wp-image-502\" alt=\"ralet boulier conteur\" src=\"https:\/\/gatito.be\/expo\/wp-content\/uploads\/2014\/01\/ralet-boulier-conteur-234x300.jpg\" width=\"234\" height=\"300\" srcset=\"https:\/\/gatito.be\/expo\/wp-content\/uploads\/2014\/01\/ralet-boulier-conteur-234x300.jpg 234w, https:\/\/gatito.be\/expo\/wp-content\/uploads\/2014\/01\/ralet-boulier-conteur-800x1024.jpg 800w\" sizes=\"(max-width: 234px) 100vw, 234px\" \/><\/a><\/p>\n<p>Ses tableaux-objets sont expos\u00e9s selon l\u2019humeur des vents.<\/p>\n<p>Ses r\u00eaves sont construits de Mondrian, Herbin, Jo Delahaut \u2026<\/p>\n<p>Son boulier qu\u2019utilisaient d\u00e9j\u00e0 les Etrusques \u00e9voque, d\u2019une mani\u00e8re fac\u00e9tieuse, les math\u00e9matiques.<\/p>\n<p>Fen\u00eatre aussi sur l\u2019\u0153uvre de Jo Delahaut, po\u00e8te de la g\u00e9om\u00e9trie.<\/p>\n<p>&nbsp;<\/p>\n","protected":false},"excerpt":{"rendered":"<p>paul.ralet@skynet.be publicitaire et plasticien \u0152uvre(s) pr\u00e9sent\u00e9e(s) Le boulier conteur, 2013 Technique mixte, 90x10x70 cm Ses tableaux-objets sont expos\u00e9s selon l\u2019humeur des vents. Ses r\u00eaves sont construits de Mondrian, Herbin, Jo Delahaut \u2026 Son boulier qu\u2019utilisaient d\u00e9j\u00e0 les Etrusques \u00e9voque, d\u2019une mani\u00e8re fac\u00e9tieuse, les math\u00e9matiques. Fen\u00eatre aussi sur l\u2019\u0153uvre de Jo Delahaut, po\u00e8te de la g\u00e9om\u00e9trie. &nbsp;<\/p>\n","protected":false},"author":25,"featured_media":0,"parent":222,"menu_order":28,"comment_status":"open","ping_status":"open","template":"fullwide.php","meta":{"ngg_post_thumbnail":0},"_links":{"self":[{"href":"https:\/\/gatito.be\/expo\/wp-json\/wp\/v2\/pages\/501"}],"collection":[{"href":"https:\/\/gatito.be\/expo\/wp-json\/wp\/v2\/pages"}],"about":[{"href":"https:\/\/gatito.be\/expo\/wp-json\/wp\/v2\/types\/page"}],"author":[{"embeddable":true,"href":"https:\/\/gatito.be\/expo\/wp-json\/wp\/v2\/users\/25"}],"replies":[{"embeddable":true,"href":"https:\/\/gatito.be\/expo\/wp-json\/wp\/v2\/comments?post=501"}],"version-history":[{"count":2,"href":"https:\/\/gatito.be\/expo\/wp-json\/wp\/v2\/pages\/501\/revisions"}],"predecessor-version":[{"id":605,"href":"https:\/\/gatito.be\/expo\/wp-json\/wp\/v2\/pages\/501\/revisions\/605"}],"up":[{"embeddable":true,"href":"https:\/\/gatito.be\/expo\/wp-json\/wp\/v2\/pages\/222"}],"wp:attachment":[{"href":"https:\/\/gatito.be\/expo\/wp-json\/wp\/v2\/media?parent=501"}],"curies":[{"name":"wp","href":"https:\/\/api.w.org\/{rel}","templated":true}]}}