{"id":2550,"date":"2019-03-07T10:35:25","date_gmt":"2019-03-07T09:35:25","guid":{"rendered":"https:\/\/gatito.be\/expo\/?page_id=2550"},"modified":"2022-04-08T16:34:26","modified_gmt":"2022-04-08T15:34:26","slug":"news","status":"publish","type":"page","link":"https:\/\/gatito.be\/expo\/","title":{"rendered":"NEWS"},"content":{"rendered":"<h2>MAROC Rabat 2018&nbsp; et Casablanca 2019<\/h2>\n<p>\n<video id=\"main_video\" poster=\".\/images\/Generale\/poster-fr.jpg\" controls=\"\" controlslist=\"nodownload\" src=\"https:\/\/ezplayer3.ulb.ac.be\/ezplayer\/distribute.php?action=media&amp;album=Albumpersonnelgdemeur-pub&amp;asset=2022_04_07_10h07_37s&amp;type=cam&amp;quality=low&amp;token=SUZAFFTX&amp;origin=ezplayer#t=3\" preload=\"auto\" type=\"video\/mp4\" style=\"width: 100%;\"><source id=\"main_video_source\" high_cam_src=\"https:\/\/ezplayer3.ulb.ac.be\/ezplayer\/distribute.php?action=media&amp;album=Albumpersonnelgdemeur-pub&amp;asset=2022_04_07_10h07_37s&amp;type=cam&amp;quality=high&amp;token=SUZAFFTX&amp;origin=ezplayer\" low_cam_src=\"https:\/\/ezplayer3.ulb.ac.be\/ezplayer\/distribute.php?action=media&amp;album=Albumpersonnelgdemeur-pub&amp;asset=2022_04_07_10h07_37s&amp;type=cam&amp;quality=low&amp;token=SUZAFFTX&amp;origin=ezplayer\"><\/video>\n<\/p>\n<p>&nbsp;<\/p>\n<div style=\"padding: 56.25% 0 0 0; position: relative;\"><iframe style=\"position: absolute; top: 0; left: 0; width: 100%; height: 100%;\" src=\"https:\/\/player.vimeo.com\/video\/321725909?byline=0&amp;portrait=0\" allowfullscreen=\"allowfullscreen\" frameborder=\"0\"><\/iframe><\/div>\n<p><script src=\"https:\/\/player.vimeo.com\/api\/player.js\"><\/script><\/p>\n<p><a href=\"https:\/\/vimeo.com\/321725909\">NAT JT Al Aoula &#8211; Art et Math<\/a> from <a href=\"https:\/\/vimeo.com\/user12800920\">Gigi Infog<\/a> on <a href=\"https:\/\/vimeo.com\">Vimeo<\/a>.<\/p>\n<div class=\"pt-cv-wrapper\"><div class=\"pt-cv-view pt-cv-grid pt-cv-colsys pt-cv-nolf\" id=\"pt-cv-view-a9fffd6tdr\"><div data-id=\"pt-cv-page-1\" class=\"pt-cv-page\" data-cvc=\"1\"><div class=\"col-md-12 col-sm-12 col-xs-12 pt-cv-content-item pt-cv-2-col\" ><div class='pt-cv-ifield'><a href=\"https:\/\/gatito.be\/expo\/2016\/01\/le-projet-art-math-2016\/\" class=\"_self pt-cv-href-thumbnail pt-cv-thumb-left\" target=\"_self\" ><img width=\"150\" height=\"150\" src=\"https:\/\/gatito.be\/expo\/wp-content\/uploads\/2016\/02\/morceau-affiche-250x150px-150x150.jpg\" class=\"pt-cv-thumbnail pull-left\" alt=\"\" loading=\"lazy\" \/><\/a>\n<div class=\"pt-cv-colwrap\"><h4 class=\"pt-cv-title\"><a href=\"https:\/\/gatito.be\/expo\/2016\/01\/le-projet-art-math-2016\/\" class=\"_self\" target=\"_self\" >Le projet Art &#038; Math 2016<\/a><\/h4><div class=\"pt-cv-content\">Exposition Art &amp; Math : \u00e9criture(s) Du 5 au 28 f\u00e9vrier 2016, Maison des Arts (Uccle) Vernissage le 4 f\u00e9vrier ...<br \/><a href=\"https:\/\/gatito.be\/expo\/2016\/01\/le-projet-art-math-2016\/\" class=\"_self pt-cv-readmore btn btn-success\" target=\"_self\">Lire La Suite\u2026<\/a><\/div><div class=\"pt-cv-meta-fields\"><span class=\"entry-date\"> <time datetime=\"2016-01-15T14:33:09+01:00\">15 janvier 2016<\/time><\/span><\/div><\/div><\/div><\/div>\n<div class=\"col-md-12 col-sm-12 col-xs-12 pt-cv-content-item pt-cv-2-col\" ><div class='pt-cv-ifield'><a href=\"https:\/\/gatito.be\/expo\/2016\/01\/avant-gout-3\/\" class=\"_self pt-cv-href-thumbnail pt-cv-thumb-left\" target=\"_self\" ><img width=\"150\" height=\"150\" src=\"https:\/\/gatito.be\/expo\/wp-content\/uploads\/2013\/10\/PI-150x150.jpg\" class=\"pt-cv-thumbnail pull-left\" alt=\"\" loading=\"lazy\" \/><\/a>\n<div class=\"pt-cv-colwrap\"><h4 class=\"pt-cv-title\"><a href=\"https:\/\/gatito.be\/expo\/2016\/01\/avant-gout-3\/\" class=\"_self\" target=\"_self\" >Avant-go\u00fbt<\/a><\/h4><div class=\"pt-cv-content\">En attendant de visiter vraiment l'expo Art&amp;Math, une petite visite virtuelle \u00e0 la rencontre de quelques oeuvres qui y sont ...<br \/><a href=\"https:\/\/gatito.be\/expo\/2016\/01\/avant-gout-3\/\" class=\"_self pt-cv-readmore btn btn-success\" target=\"_self\">Lire La Suite\u2026<\/a><\/div><div class=\"pt-cv-meta-fields\"><span class=\"entry-date\"> <time datetime=\"2016-01-15T14:12:44+01:00\">15 janvier 2016<\/time><\/span><\/div><\/div><\/div><\/div>\n<div class=\"col-md-12 col-sm-12 col-xs-12 pt-cv-content-item pt-cv-2-col\" ><div class='pt-cv-ifield'><a href=\"https:\/\/gatito.be\/expo\/2016\/01\/infos-pratiques-2016\/\" class=\"_self pt-cv-href-thumbnail pt-cv-thumb-left\" target=\"_self\" ><img width=\"150\" height=\"150\" src=\"https:\/\/gatito.be\/expo\/wp-content\/uploads\/2016\/02\/Hatul-250x150px-150x150.jpg\" class=\"pt-cv-thumbnail pull-left\" alt=\"\" loading=\"lazy\" \/><\/a>\n<div class=\"pt-cv-colwrap\"><h4 class=\"pt-cv-title\"><a href=\"https:\/\/gatito.be\/expo\/2016\/01\/infos-pratiques-2016\/\" class=\"_self\" target=\"_self\" >Infos pratiques expo Math 2016<\/a><\/h4><div class=\"pt-cv-content\">expo Art&amp;Math : \u00e9criture(s)\u00a0\u00a0\u00a0 Uccle 2016 Dates et heures: 5 au 28 f\u00e9vrier Vernissage 4 f\u00e9v 2016 \u00e0 18h Ouvert ...<br \/><a href=\"https:\/\/gatito.be\/expo\/2016\/01\/infos-pratiques-2016\/\" class=\"_self pt-cv-readmore btn btn-success\" target=\"_self\">Lire La Suite\u2026<\/a><\/div><div class=\"pt-cv-meta-fields\"><span class=\"entry-date\"> <time datetime=\"2016-01-15T14:08:04+01:00\">15 janvier 2016<\/time><\/span><\/div><\/div><\/div><\/div>\n<div class=\"col-md-12 col-sm-12 col-xs-12 pt-cv-content-item pt-cv-2-col\" ><div class='pt-cv-ifield'><a href=\"https:\/\/gatito.be\/expo\/2014\/01\/art-math-maintenant\/\" class=\"_self pt-cv-href-thumbnail pt-cv-thumb-left\" target=\"_self\" ><img width=\"150\" height=\"150\" src=\"https:\/\/gatito.be\/expo\/wp-content\/uploads\/2013\/10\/Affiche-150x150.png\" class=\"pt-cv-thumbnail pull-left\" alt=\"\" loading=\"lazy\" \/><\/a>\n<div class=\"pt-cv-colwrap\"><h4 class=\"pt-cv-title\"><a href=\"https:\/\/gatito.be\/expo\/2014\/01\/art-math-maintenant\/\" class=\"_self\" target=\"_self\" >ART &#038; Math maintenant!<\/a><\/h4><div class=\"pt-cv-content\">Notre nouvelle expo est ouverte! Vernissage \u00e0 Bruxelles (ULB salle Allende)\u00a0 le 16 janvier 2014 \u00e0 18H. Finissage le 28 ...<br \/><a href=\"https:\/\/gatito.be\/expo\/2014\/01\/art-math-maintenant\/\" class=\"_self pt-cv-readmore btn btn-success\" target=\"_self\">Lire La Suite\u2026<\/a><\/div><div class=\"pt-cv-meta-fields\"><span class=\"entry-date\"> <time datetime=\"2014-01-27T15:09:56+01:00\">27 janvier 2014<\/time><\/span><\/div><\/div><\/div><\/div>\n<div class=\"col-md-12 col-sm-12 col-xs-12 pt-cv-content-item pt-cv-2-col\" ><div class='pt-cv-ifield'><a href=\"https:\/\/gatito.be\/expo\/2014\/01\/le-projet-artmath\/\" class=\"_self pt-cv-href-thumbnail pt-cv-thumb-left\" target=\"_self\" ><img width=\"150\" height=\"150\" src=\"https:\/\/gatito.be\/expo\/wp-content\/uploads\/2013\/10\/Bijou-150x150.jpg\" class=\"pt-cv-thumbnail pull-left\" alt=\"\" loading=\"lazy\" \/><\/a>\n<div class=\"pt-cv-colwrap\"><h4 class=\"pt-cv-title\"><a href=\"https:\/\/gatito.be\/expo\/2014\/01\/le-projet-artmath\/\" class=\"_self\" target=\"_self\" >Le projet Art &#038; Math<\/a><\/h4><div class=\"pt-cv-content\">Exposition Art &amp; Math\u00a0! Du 17 janvier au 5avril 2014, Salle Allende (ULB) Vernissage le 16 janvier 2014 \u00e0 18h, ...<br \/><a href=\"https:\/\/gatito.be\/expo\/2014\/01\/le-projet-artmath\/\" class=\"_self pt-cv-readmore btn btn-success\" target=\"_self\">Lire La Suite\u2026<\/a><\/div><div class=\"pt-cv-meta-fields\"><span class=\"entry-date\"> <time datetime=\"2014-01-01T12:50:23+01:00\">1 janvier 2014<\/time><\/span><\/div><\/div><\/div><\/div>\n<div class=\"col-md-12 col-sm-12 col-xs-12 pt-cv-content-item pt-cv-2-col\" ><div class='pt-cv-ifield'><a href=\"https:\/\/gatito.be\/expo\/2014\/01\/artmath-bientot\/\" class=\"_self pt-cv-href-thumbnail pt-cv-thumb-left\" target=\"_self\" ><img width=\"150\" height=\"150\" src=\"https:\/\/gatito.be\/expo\/wp-content\/uploads\/2013\/10\/Affiche-150x150.png\" class=\"pt-cv-thumbnail pull-left\" alt=\"\" loading=\"lazy\" \/><\/a>\n<div class=\"pt-cv-colwrap\"><h4 class=\"pt-cv-title\"><a href=\"https:\/\/gatito.be\/expo\/2014\/01\/artmath-bientot\/\" class=\"_self\" target=\"_self\" >ART &#038; Math prolong\u00e9e!<\/a><\/h4><div class=\"pt-cv-content\">Notre\u00a0 expo Art&amp;Math est prolong\u00e9e jusqu'au 5 avril, au vu de son succ\u00e8s! Vernissage \u00e0 Bruxelles (ULB salle Allende)\u00a0 le ...<br \/><a href=\"https:\/\/gatito.be\/expo\/2014\/01\/artmath-bientot\/\" class=\"_self pt-cv-readmore btn btn-success\" target=\"_self\">Lire La Suite\u2026<\/a><\/div><div class=\"pt-cv-meta-fields\"><span class=\"entry-date\"> <time datetime=\"2014-01-01T12:10:46+01:00\">1 janvier 2014<\/time><\/span><\/div><\/div><\/div><\/div>\n<div class=\"col-md-12 col-sm-12 col-xs-12 pt-cv-content-item pt-cv-2-col\" ><div class='pt-cv-ifield'><a href=\"https:\/\/gatito.be\/expo\/2013\/10\/avant-gout-2\/\" class=\"_self pt-cv-href-thumbnail pt-cv-thumb-left\" target=\"_self\" ><img width=\"150\" height=\"150\" src=\"https:\/\/gatito.be\/expo\/wp-content\/uploads\/2013\/10\/PI-150x150.jpg\" class=\"pt-cv-thumbnail pull-left\" alt=\"\" loading=\"lazy\" \/><\/a>\n<div class=\"pt-cv-colwrap\"><h4 class=\"pt-cv-title\"><a href=\"https:\/\/gatito.be\/expo\/2013\/10\/avant-gout-2\/\" class=\"_self\" target=\"_self\" >Avant-go\u00fbt<\/a><\/h4><div class=\"pt-cv-content\">En attendant de\u00a0 visiter vraiment l'expo Art&amp;Math, une petite visite virtuelle \u00e0 la rencontre de quelques oeuvres qui y sont ...<br \/><a href=\"https:\/\/gatito.be\/expo\/2013\/10\/avant-gout-2\/\" class=\"_self pt-cv-readmore btn btn-success\" target=\"_self\">Lire La Suite\u2026<\/a><\/div><div class=\"pt-cv-meta-fields\"><span class=\"entry-date\"> <time datetime=\"2013-10-25T12:20:39+01:00\">25 octobre 2013<\/time><\/span><\/div><\/div><\/div><\/div>\n<div class=\"col-md-12 col-sm-12 col-xs-12 pt-cv-content-item pt-cv-2-col\" ><div class='pt-cv-ifield'><a href=\"https:\/\/gatito.be\/expo\/2013\/01\/infos-pratiques\/\" class=\"_self pt-cv-href-thumbnail pt-cv-thumb-left\" target=\"_self\" ><img width=\"150\" height=\"150\" src=\"https:\/\/gatito.be\/expo\/wp-content\/uploads\/2013\/10\/Voyageur-150x150.jpg\" class=\"pt-cv-thumbnail pull-left\" alt=\"\" loading=\"lazy\" \/><\/a>\n<div class=\"pt-cv-colwrap\"><h4 class=\"pt-cv-title\"><a href=\"https:\/\/gatito.be\/expo\/2013\/01\/infos-pratiques\/\" class=\"_self\" target=\"_self\" >Infos pratiques<\/a><\/h4><div class=\"pt-cv-content\">Les informations pratiques sur les nouvelles expositions Art&amp;Math seront annonc\u00e9es ici, en temps voulu. \u00a0\u00a0\u00a0\u00a0\u00a0\u00a0 \u00a0 Archive des infos concernant ...<br \/><a href=\"https:\/\/gatito.be\/expo\/2013\/01\/infos-pratiques\/\" class=\"_self pt-cv-readmore btn btn-success\" target=\"_self\">Lire La Suite\u2026<\/a><\/div><div class=\"pt-cv-meta-fields\"><span class=\"entry-date\"> <time datetime=\"2013-01-25T12:30:09+01:00\">25 janvier 2013<\/time><\/span><\/div><\/div><\/div><\/div><\/div><\/div><\/div>\n","protected":false},"excerpt":{"rendered":"<p>MAROC Rabat 2018&nbsp; et Casablanca 2019 &nbsp; NAT JT Al Aoula &#8211; Art et Math from Gigi Infog on Vimeo.<\/p>\n","protected":false},"author":26,"featured_media":0,"parent":0,"menu_order":0,"comment_status":"closed","ping_status":"closed","template":"","meta":{"ngg_post_thumbnail":0},"_links":{"self":[{"href":"https:\/\/gatito.be\/expo\/wp-json\/wp\/v2\/pages\/2550"}],"collection":[{"href":"https:\/\/gatito.be\/expo\/wp-json\/wp\/v2\/pages"}],"about":[{"href":"https:\/\/gatito.be\/expo\/wp-json\/wp\/v2\/types\/page"}],"author":[{"embeddable":true,"href":"https:\/\/gatito.be\/expo\/wp-json\/wp\/v2\/users\/26"}],"replies":[{"embeddable":true,"href":"https:\/\/gatito.be\/expo\/wp-json\/wp\/v2\/comments?post=2550"}],"version-history":[{"count":4,"href":"https:\/\/gatito.be\/expo\/wp-json\/wp\/v2\/pages\/2550\/revisions"}],"predecessor-version":[{"id":2713,"href":"https:\/\/gatito.be\/expo\/wp-json\/wp\/v2\/pages\/2550\/revisions\/2713"}],"wp:attachment":[{"href":"https:\/\/gatito.be\/expo\/wp-json\/wp\/v2\/media?parent=2550"}],"curies":[{"name":"wp","href":"https:\/\/api.w.org\/{rel}","templated":true}]}}