{"id":2120,"date":"2016-01-18T15:00:46","date_gmt":"2016-01-18T14:00:46","guid":{"rendered":"https:\/\/gatito.be\/expo\/?page_id=2120"},"modified":"2016-01-29T12:09:20","modified_gmt":"2016-01-29T11:09:20","slug":"garot-nathalie-2016","status":"publish","type":"page","link":"https:\/\/gatito.be\/expo\/artistes-exposants-2016\/garot-nathalie-2016\/","title":{"rendered":"GAROT Nathalie et al."},"content":{"rendered":"<p style=\"text-align: center;\"><strong>Nathalie GAROT<\/strong><\/p>\n<p style=\"text-align: center;\"><strong>Natacha HUBAUT &#8211; Marguerite WIBO &#8211; GDM &#8211; PM<br \/>\n<\/strong><\/p>\n<p style=\"text-align: center;\"><em>Nulle, cette histoire infinie<\/em><\/p>\n<p style=\"text-align: center;\">Livre-objet\u00a0 &#8211;\u00a0 r\u00e9alisation collective<br \/>\nCarton, fil, ruban, mousse n\u00e9opr\u00e8ne<\/p>\n<p style=\"text-align: center;\">2013\/2015<\/p>\n<p style=\"text-align: center;\"><em>Th\u00e8me: Du vide \u00e0 l\u2019infini<\/em><\/p>\n<p style=\"text-align: center;\">IMAGE PROVISOIRE<\/p>\n<p style=\"text-align: center;\">\n<p style=\"text-align: center;\"><a href=\"https:\/\/gatito.be\/expo\/wp-content\/uploads\/2016\/01\/page0.jpg\"  rel=\"lightbox[2120] attachment wp-att-2380\"><img loading=\"lazy\" class=\"aligncenter  wp-image-2380\" src=\"https:\/\/gatito.be\/expo\/wp-content\/uploads\/2016\/01\/page0-1024x1024.jpg\" alt=\"page0\" width=\"434\" height=\"434\" srcset=\"https:\/\/gatito.be\/expo\/wp-content\/uploads\/2016\/01\/page0-1024x1024.jpg 1024w, https:\/\/gatito.be\/expo\/wp-content\/uploads\/2016\/01\/page0-150x150.jpg 150w, https:\/\/gatito.be\/expo\/wp-content\/uploads\/2016\/01\/page0-300x300.jpg 300w, https:\/\/gatito.be\/expo\/wp-content\/uploads\/2016\/01\/page0-768x768.jpg 768w\" sizes=\"(max-width: 434px) 100vw, 434px\" \/><\/a><\/p>\n","protected":false},"excerpt":{"rendered":"<p>Nathalie GAROT Natacha HUBAUT &#8211; Marguerite WIBO &#8211; GDM &#8211; PM Nulle, cette histoire infinie Livre-objet\u00a0 &#8211;\u00a0 r\u00e9alisation collective Carton, fil, ruban, mousse n\u00e9opr\u00e8ne 2013\/2015 Th\u00e8me: Du vide \u00e0 l\u2019infini IMAGE PROVISOIRE<\/p>\n","protected":false},"author":26,"featured_media":0,"parent":1919,"menu_order":12,"comment_status":"open","ping_status":"open","template":"fullwide.php","meta":{"ngg_post_thumbnail":0},"_links":{"self":[{"href":"https:\/\/gatito.be\/expo\/wp-json\/wp\/v2\/pages\/2120"}],"collection":[{"href":"https:\/\/gatito.be\/expo\/wp-json\/wp\/v2\/pages"}],"about":[{"href":"https:\/\/gatito.be\/expo\/wp-json\/wp\/v2\/types\/page"}],"author":[{"embeddable":true,"href":"https:\/\/gatito.be\/expo\/wp-json\/wp\/v2\/users\/26"}],"replies":[{"embeddable":true,"href":"https:\/\/gatito.be\/expo\/wp-json\/wp\/v2\/comments?post=2120"}],"version-history":[{"count":5,"href":"https:\/\/gatito.be\/expo\/wp-json\/wp\/v2\/pages\/2120\/revisions"}],"predecessor-version":[{"id":2381,"href":"https:\/\/gatito.be\/expo\/wp-json\/wp\/v2\/pages\/2120\/revisions\/2381"}],"up":[{"embeddable":true,"href":"https:\/\/gatito.be\/expo\/wp-json\/wp\/v2\/pages\/1919"}],"wp:attachment":[{"href":"https:\/\/gatito.be\/expo\/wp-json\/wp\/v2\/media?parent=2120"}],"curies":[{"name":"wp","href":"https:\/\/api.w.org\/{rel}","templated":true}]}}