{"id":2107,"date":"2016-01-18T14:39:16","date_gmt":"2016-01-18T13:39:16","guid":{"rendered":"https:\/\/gatito.be\/expo\/?page_id=2107"},"modified":"2016-01-28T23:24:39","modified_gmt":"2016-01-28T22:24:39","slug":"velu-bertrand-et-hubaut-olivier-2016","status":"publish","type":"page","link":"https:\/\/gatito.be\/expo\/artistes-exposants-2016\/velu-bertrand-et-hubaut-olivier-2016\/","title":{"rendered":"VELU Bertrand"},"content":{"rendered":"<p style=\"text-align: center;\">Installation, infographie<\/p>\n<p style=\"text-align: center;\"><a href=\"mailto:Bertrand.velu@gmail.com\">Bertrand.velu@gmail.com<\/a><\/p>\n<p style=\"text-align: center;\"><strong>\u00a0<\/strong><\/p>\n<p style=\"text-align: center;\"><em>Max Tegmark et l\u2019Univers Math\u00e9matique<\/em><\/p>\n<p style=\"text-align: center;\">Technique\/mat\u00e9riaux<\/p>\n<p style=\"text-align: center;\">2016<\/p>\n<p style=\"text-align: center;\"><em>Th\u00e8me: Hasard, n\u00e9cessit\u00e9, structures<\/em><\/p>\n<p style=\"text-align: center;\">\n<p style=\"text-align: center;\"><a href=\"https:\/\/gatito.be\/expo\/wp-content\/uploads\/2016\/01\/VELU-pr\u00e9sentation1avec-d\u00e9tails-bis.jpg\"  rel=\"lightbox[2107] attachment wp-att-2335\"><img loading=\"lazy\" class=\"aligncenter  wp-image-2335\" src=\"https:\/\/gatito.be\/expo\/wp-content\/uploads\/2016\/01\/VELU-pr\u00e9sentation1avec-d\u00e9tails-bis.jpg\" alt=\"VELU pr\u00e9sentation1avec d\u00e9tails bis\" width=\"902\" height=\"639\" srcset=\"https:\/\/gatito.be\/expo\/wp-content\/uploads\/2016\/01\/VELU-pr\u00e9sentation1avec-d\u00e9tails-bis.jpg 841w, https:\/\/gatito.be\/expo\/wp-content\/uploads\/2016\/01\/VELU-pr\u00e9sentation1avec-d\u00e9tails-bis-300x213.jpg 300w, https:\/\/gatito.be\/expo\/wp-content\/uploads\/2016\/01\/VELU-pr\u00e9sentation1avec-d\u00e9tails-bis-768x544.jpg 768w\" sizes=\"(max-width: 902px) 100vw, 902px\" \/><\/a><\/p>\n<p style=\"text-align: center;\">\n<p style=\"text-align: center;\"><a href=\"https:\/\/gatito.be\/expo\/wp-content\/uploads\/2016\/01\/Velu-1-1.jpg\"  rel=\"lightbox[2107] attachment wp-att-2332\"><img loading=\"lazy\" class=\"aligncenter size-large wp-image-2332\" src=\"https:\/\/gatito.be\/expo\/wp-content\/uploads\/2016\/01\/Velu-1-1-1024x724.jpg\" alt=\"Velu 1\" width=\"1024\" height=\"724\" srcset=\"https:\/\/gatito.be\/expo\/wp-content\/uploads\/2016\/01\/Velu-1-1-1024x724.jpg 1024w, https:\/\/gatito.be\/expo\/wp-content\/uploads\/2016\/01\/Velu-1-1-300x212.jpg 300w, https:\/\/gatito.be\/expo\/wp-content\/uploads\/2016\/01\/Velu-1-1-768x543.jpg 768w\" sizes=\"(max-width: 1024px) 100vw, 1024px\" \/><\/a><\/p>\n<p style=\"text-align: center;\">\n","protected":false},"excerpt":{"rendered":"<p>Installation, infographie Bertrand.velu@gmail.com \u00a0 Max Tegmark et l\u2019Univers Math\u00e9matique Technique\/mat\u00e9riaux 2016 Th\u00e8me: Hasard, n\u00e9cessit\u00e9, structures<\/p>\n","protected":false},"author":26,"featured_media":0,"parent":1919,"menu_order":38,"comment_status":"open","ping_status":"open","template":"fullwide.php","meta":{"ngg_post_thumbnail":0},"_links":{"self":[{"href":"https:\/\/gatito.be\/expo\/wp-json\/wp\/v2\/pages\/2107"}],"collection":[{"href":"https:\/\/gatito.be\/expo\/wp-json\/wp\/v2\/pages"}],"about":[{"href":"https:\/\/gatito.be\/expo\/wp-json\/wp\/v2\/types\/page"}],"author":[{"embeddable":true,"href":"https:\/\/gatito.be\/expo\/wp-json\/wp\/v2\/users\/26"}],"replies":[{"embeddable":true,"href":"https:\/\/gatito.be\/expo\/wp-json\/wp\/v2\/comments?post=2107"}],"version-history":[{"count":5,"href":"https:\/\/gatito.be\/expo\/wp-json\/wp\/v2\/pages\/2107\/revisions"}],"predecessor-version":[{"id":2359,"href":"https:\/\/gatito.be\/expo\/wp-json\/wp\/v2\/pages\/2107\/revisions\/2359"}],"up":[{"embeddable":true,"href":"https:\/\/gatito.be\/expo\/wp-json\/wp\/v2\/pages\/1919"}],"wp:attachment":[{"href":"https:\/\/gatito.be\/expo\/wp-json\/wp\/v2\/media?parent=2107"}],"curies":[{"name":"wp","href":"https:\/\/api.w.org\/{rel}","templated":true}]}}