{"id":2097,"date":"2016-01-18T14:32:30","date_gmt":"2016-01-18T13:32:30","guid":{"rendered":"https:\/\/gatito.be\/expo\/?page_id=2097"},"modified":"2016-01-28T22:27:53","modified_gmt":"2016-01-28T21:27:53","slug":"helholc-serge-2016","status":"publish","type":"page","link":"https:\/\/gatito.be\/expo\/artistes-exposants-2016\/helholc-serge-2016\/","title":{"rendered":"HELHOLC Serge"},"content":{"rendered":"<p style=\"text-align: center;\">Peinture, Sculpture, Infographie, chant, accord\u00e9on<\/p>\n<p style=\"text-align: center;\"><a href=\"mailto:helholc@gmail.com\">helholc@gmail.com<\/a><\/p>\n<p style=\"text-align: center;\"><strong>\u00a0<\/strong><\/p>\n<p style=\"text-align: center;\"><em>Toualle de vie<\/em><\/p>\n<p style=\"text-align: center;\">Acrylique Toile R\u00e9sine<\/p>\n<p style=\"text-align: center;\">2016<\/p>\n<p style=\"text-align: center;\"><em>Th\u00e8me: Nombres c\u00e9l\u00e8bres<\/em><\/p>\n<p style=\"text-align: center;\">\n<p style=\"text-align: center;\"><a href=\"https:\/\/gatito.be\/expo\/wp-content\/uploads\/2016\/01\/Helholc-.jpg\"  rel=\"lightbox[2097] attachment wp-att-1880\"><img loading=\"lazy\" class=\"aligncenter size-full wp-image-1880\" src=\"https:\/\/gatito.be\/expo\/wp-content\/uploads\/2016\/01\/Helholc-.jpg\" alt=\"Helholc\" width=\"520\" height=\"841\" srcset=\"https:\/\/gatito.be\/expo\/wp-content\/uploads\/2016\/01\/Helholc-.jpg 520w, https:\/\/gatito.be\/expo\/wp-content\/uploads\/2016\/01\/Helholc--185x300.jpg 185w\" sizes=\"(max-width: 520px) 100vw, 520px\" \/><\/a><\/p>\n<p style=\"text-align: center;\">\n<p style=\"text-align: center;\">\n","protected":false},"excerpt":{"rendered":"<p>Peinture, Sculpture, Infographie, chant, accord\u00e9on helholc@gmail.com \u00a0 Toualle de vie Acrylique Toile R\u00e9sine 2016 Th\u00e8me: Nombres c\u00e9l\u00e8bres<\/p>\n","protected":false},"author":26,"featured_media":0,"parent":1919,"menu_order":17,"comment_status":"open","ping_status":"open","template":"fullwide.php","meta":{"ngg_post_thumbnail":0},"_links":{"self":[{"href":"https:\/\/gatito.be\/expo\/wp-json\/wp\/v2\/pages\/2097"}],"collection":[{"href":"https:\/\/gatito.be\/expo\/wp-json\/wp\/v2\/pages"}],"about":[{"href":"https:\/\/gatito.be\/expo\/wp-json\/wp\/v2\/types\/page"}],"author":[{"embeddable":true,"href":"https:\/\/gatito.be\/expo\/wp-json\/wp\/v2\/users\/26"}],"replies":[{"embeddable":true,"href":"https:\/\/gatito.be\/expo\/wp-json\/wp\/v2\/comments?post=2097"}],"version-history":[{"count":5,"href":"https:\/\/gatito.be\/expo\/wp-json\/wp\/v2\/pages\/2097\/revisions"}],"predecessor-version":[{"id":2290,"href":"https:\/\/gatito.be\/expo\/wp-json\/wp\/v2\/pages\/2097\/revisions\/2290"}],"up":[{"embeddable":true,"href":"https:\/\/gatito.be\/expo\/wp-json\/wp\/v2\/pages\/1919"}],"wp:attachment":[{"href":"https:\/\/gatito.be\/expo\/wp-json\/wp\/v2\/media?parent=2097"}],"curies":[{"name":"wp","href":"https:\/\/api.w.org\/{rel}","templated":true}]}}