{"id":1789,"date":"2014-02-21T19:13:25","date_gmt":"2014-02-21T18:13:25","guid":{"rendered":"https:\/\/gatito.be\/expo\/?page_id=1789"},"modified":"2022-04-08T15:22:10","modified_gmt":"2022-04-08T14:22:10","slug":"livre-catalogue","status":"publish","type":"page","link":"https:\/\/gatito.be\/expo\/livre-catalogue\/","title":{"rendered":"Livre-Catalogue"},"content":{"rendered":"<p>Notre livre-catalogue ART&amp;MATH est disponible! Visionnez ci-dessous notre visite guid\u00e9e.<\/p>\n<p><a href=\"https:\/\/gatito.be\/expo\/wp-content\/uploads\/2014\/04\/low-artetmath-COVER.jpg\" rel=\"lightbox[1789]\"><img loading=\"lazy\" class=\"aligncenter size-full wp-image-1796\" src=\"https:\/\/gatito.be\/expo\/wp-content\/uploads\/2014\/04\/low-artetmath-COVER.jpg\" alt=\"low artetmath COVER\" width=\"524\" height=\"676\" srcset=\"https:\/\/gatito.be\/expo\/wp-content\/uploads\/2014\/04\/low-artetmath-COVER.jpg 524w, https:\/\/gatito.be\/expo\/wp-content\/uploads\/2014\/04\/low-artetmath-COVER-232x300.jpg 232w\" sizes=\"(max-width: 524px) 100vw, 524px\" \/><\/a><\/p>\n<p>Il comporte les photos en couleurs de toutes les oeuvres d&rsquo;Art&amp;Math expos\u00e9es salle Allende, et tous les textes math\u00e9matiques qui les accompagnaient. Prix: <strong>19<\/strong> euros<br \/>\nIl peut \u00eatre accompagn\u00e9 du DVD de la visite guid\u00e9e compl\u00e8te (suppl\u00e9ment de <strong>4<\/strong> euros)<\/p>\n<p>+ Frais de port&nbsp; (voir tableau ci dessous)<\/p>\n<p>Pour le commander:<\/p>\n<p>Indiquer le nombre d&rsquo;exemplaires du livre et le nombre d&rsquo;exemplaires du DVD souhait\u00e9s, vos NOM, Pr\u00e9nom, adresse postale et adresse mail dans le formulaire \u00ab\u00a0commander livre Art&amp;Math\u00a0\u00bb<\/p>\n<p>Verser la somme correspondant \u00e0 votre commande au compte \u00ab\u00a0MAT\u00a0\u00bb N\u00b0 <big><b>BE 88 126-10 67 359-41<\/b><\/big><br \/>\navec pour mention: vos NOM, pr\u00e9nom et votre commande (x livres, y DVD)<\/p>\n<p>Tableau frais de port:<\/p>\n<p>1 \u00e0 2 exemplaires: 6 euros<br \/>\n3 \u00e0 6 exemplaires: 7 euros<br \/>\n7 \u00e030 exemplaires: 9 euros<\/p>\n<p>Il est \u00e9galement possible de se procurer le livre-catalogue sur place pendant les permanences d&rsquo;ouverture de l&rsquo;exposition.<\/p>\n<div role=\"form\" class=\"wpcf7\" id=\"wpcf7-f1802-o1\" lang=\"fr-FR\" dir=\"ltr\">\n<div class=\"screen-reader-response\"><p role=\"status\" aria-live=\"polite\" aria-atomic=\"true\"><\/p> <ul><\/ul><\/div>\n<form action=\"\/expo\/wp-json\/wp\/v2\/pages\/1789#wpcf7-f1802-o1\" method=\"post\" class=\"wpcf7-form init\" novalidate=\"novalidate\" data-status=\"init\">\n<div style=\"display: none;\">\n<input type=\"hidden\" name=\"_wpcf7\" value=\"1802\" \/>\n<input type=\"hidden\" name=\"_wpcf7_version\" value=\"5.5.6\" \/>\n<input type=\"hidden\" name=\"_wpcf7_locale\" value=\"fr_FR\" \/>\n<input type=\"hidden\" name=\"_wpcf7_unit_tag\" value=\"wpcf7-f1802-o1\" \/>\n<input type=\"hidden\" name=\"_wpcf7_container_post\" value=\"0\" \/>\n<input type=\"hidden\" name=\"_wpcf7_posted_data_hash\" value=\"\" \/>\n<\/div>\n<p>Votre nom (champ obligatoire)<br \/>\n    <span class=\"wpcf7-form-control-wrap your-name\"><input type=\"text\" name=\"your-name\" value=\"\" size=\"40\" class=\"wpcf7-form-control wpcf7-text wpcf7-validates-as-required\" aria-required=\"true\" aria-invalid=\"false\" \/><\/span> <\/p>\n<p>Email (champ obligatoire)<br \/>\n    <span class=\"wpcf7-form-control-wrap your-email\"><input type=\"email\" name=\"your-email\" value=\"\" size=\"40\" class=\"wpcf7-form-control wpcf7-text wpcf7-email wpcf7-validates-as-required wpcf7-validates-as-email\" aria-required=\"true\" aria-invalid=\"false\" \/><\/span> <\/p>\n<p>Votre t\u00e9l\u00e9phone (champ obligatoire)<br \/>\n    <span class=\"wpcf7-form-control-wrap text-879\"><input type=\"text\" name=\"text-879\" value=\"\" size=\"40\" class=\"wpcf7-form-control wpcf7-text wpcf7-validates-as-required\" aria-required=\"true\" aria-invalid=\"false\" placeholder=\"+32\" \/><\/span><\/p>\n<p>Votre adresse postale compl\u00e8te<br \/>\n<span class=\"wpcf7-form-control-wrap text-344\"><input type=\"text\" name=\"text-344\" value=\"\" size=\"40\" class=\"wpcf7-form-control wpcf7-text wpcf7-validates-as-required\" aria-required=\"true\" aria-invalid=\"false\" \/><\/span><\/p>\n<p>Nombre de livres souhait\u00e9s<br \/>\n   <span class=\"wpcf7-form-control-wrap number-353\"><input type=\"number\" name=\"number-353\" value=\"\" class=\"wpcf7-form-control wpcf7-number wpcf7-validates-as-required wpcf7-validates-as-number\" min=\"1\" max=\"99\" aria-required=\"true\" aria-invalid=\"false\" \/><\/span><\/p>\n<p>Nombre de DVD visite guid\u00e9e souhait\u00e9s<br \/>\n <span class=\"wpcf7-form-control-wrap number-929\"><input type=\"number\" name=\"number-929\" value=\"\" class=\"wpcf7-form-control wpcf7-number wpcf7-validates-as-number\" aria-invalid=\"false\" \/><\/span><\/p>\n<p>Vos remarques et\/ou questions<br \/>\n    <span class=\"wpcf7-form-control-wrap your-message\"><textarea name=\"your-message\" cols=\"40\" rows=\"10\" class=\"wpcf7-form-control wpcf7-textarea\" aria-invalid=\"false\"><\/textarea><\/span> <\/p>\n<p><input type=\"submit\" value=\"&nbsp;R\u00e9server&nbsp;\" class=\"wpcf7-form-control has-spinner wpcf7-submit\" \/><\/p>\n<div class=\"wpcf7-response-output\" aria-hidden=\"true\"><\/div><\/form><\/div>\n<p>&nbsp;<\/p>\n<p>&nbsp;<br \/>\n<video id=\"main_video\" poster=\".\/images\/Generale\/poster-fr.jpg\" controls=\"\" controlslist=\"nodownload\" src=\"https:\/\/ezplayer3.ulb.ac.be\/ezplayer\/distribute.php?action=media&amp;album=Albumpersonnelgdemeur-pub&amp;asset=2022_04_07_10h08_34s&amp;type=cam&amp;quality=low&amp;token=MORPYOSN&amp;origin=ezplayer#t=2\" preload=\"auto\" type=\"video\/mp4\" style=\"width: 100%;\"><source id=\"main_video_source\" high_cam_src=\"https:\/\/ezplayer3.ulb.ac.be\/ezplayer\/distribute.php?action=media&amp;album=Albumpersonnelgdemeur-pub&amp;asset=2022_04_07_10h08_34s&amp;type=cam&amp;quality=high&amp;token=MORPYOSN&amp;origin=ezplayer\" low_cam_src=\"https:\/\/ezplayer3.ulb.ac.be\/ezplayer\/distribute.php?action=media&amp;album=Albumpersonnelgdemeur-pub&amp;asset=2022_04_07_10h08_34s&amp;type=cam&amp;quality=low&amp;token=MORPYOSN&amp;origin=ezplayer\"><\/video><\/p>\n","protected":false},"excerpt":{"rendered":"<p>Notre livre-catalogue ART&amp;MATH est disponible! Visionnez ci-dessous notre visite guid\u00e9e. Il comporte les photos en couleurs de toutes les oeuvres d&rsquo;Art&amp;Math expos\u00e9es salle Allende, et tous les textes math\u00e9matiques qui les accompagnaient. Prix: 19 euros Il peut \u00eatre accompagn\u00e9 du DVD de la visite guid\u00e9e compl\u00e8te (suppl\u00e9ment de 4 euros) + Frais de port&nbsp; (voir tableau ci dessous) Pour le commander: Indiquer le nombre d&rsquo;exemplaires du livre et le nombre d&rsquo;exemplaires du DVD souhait\u00e9s, vos NOM, Pr\u00e9nom, adresse postale et adresse mail dans le formulaire \u00ab\u00a0commander livre Art&amp;Math\u00a0\u00bb Verser la somme correspondant \u00e0 votre commande au compte \u00ab\u00a0MAT\u00a0\u00bb N\u00b0 BE<a href=\"https:\/\/gatito.be\/expo\/livre-catalogue\/\">&nbsp;&nbsp;[ Suite&#8230; ]<\/a><\/p>\n","protected":false},"author":1,"featured_media":0,"parent":0,"menu_order":0,"comment_status":"open","ping_status":"open","template":"","meta":{"ngg_post_thumbnail":0},"_links":{"self":[{"href":"https:\/\/gatito.be\/expo\/wp-json\/wp\/v2\/pages\/1789"}],"collection":[{"href":"https:\/\/gatito.be\/expo\/wp-json\/wp\/v2\/pages"}],"about":[{"href":"https:\/\/gatito.be\/expo\/wp-json\/wp\/v2\/types\/page"}],"author":[{"embeddable":true,"href":"https:\/\/gatito.be\/expo\/wp-json\/wp\/v2\/users\/1"}],"replies":[{"embeddable":true,"href":"https:\/\/gatito.be\/expo\/wp-json\/wp\/v2\/comments?post=1789"}],"version-history":[{"count":17,"href":"https:\/\/gatito.be\/expo\/wp-json\/wp\/v2\/pages\/1789\/revisions"}],"predecessor-version":[{"id":2704,"href":"https:\/\/gatito.be\/expo\/wp-json\/wp\/v2\/pages\/1789\/revisions\/2704"}],"wp:attachment":[{"href":"https:\/\/gatito.be\/expo\/wp-json\/wp\/v2\/media?parent=1789"}],"curies":[{"name":"wp","href":"https:\/\/api.w.org\/{rel}","templated":true}]}}